e remainder when 57 is divided by 29.
28
What is the remainder when 545 is divided by 39?
38
Calculate the remainder when 1388 is divided by 275.
13
What is the remainder when 64 is divided by 14?
8
Calculate the remainder when 698 is divided by 103.
80
Calculate the remainder when 3098 is divided by 47.
43
What is the remainder when 4607 is divided by 243?
233
Calculate the remainder when 206 is divided by 13.
11
What is the remainder when 329 is divided by 155?
19
Calculate the remainder when 3427 is divided by 143.
138
What is the remainder when 21 is divided by 6?
3
Calculate the remainder when 117 is divided by 38.
3
Calculate the remainder when 3892 is divided by 75.
67
Calculate the remainder when 4331 is divided by 22.
19
What is the remainder when 948 is divided by 122?
94
Calculate the remainder when 1362 is divided by 65.
62
What is the remainder when 423 is divided by 126?
45
What is the remainder when 217 is divided by 16?
9
Calculate the remainder when 279 is divided by 37.
20
What is the remainder when 1142 is divided by 31?
26
Calculate the remainder when 327 is divided by 69.
51
What is the remainder when 1111 is divided by 98?
33
Calculate the remainder when 221 is divided by 45.
41
What is the remainder when 133 is divided by 55?
23
What is the remainder when 387 is divided by 114?
45
What is the remainder when 316 is divided by 62?
6
What is the remainder when 271 is divided by 25?
21
What is the remainder when 2 is divided by 2?
0
What is the remainder when 4836 is divided by 303?
291
Calculate the remainder when 65 is divided by 27.
11
What is the remainder when 349 is divided by 52?
37
Calculate the remainder when 274 is divided by 20.
14
Calculate the remainder when 81 is divided by 15.
6
Calculate the remainder when 1230 is divided by 7.
5
Calculate the remainder when 262 is divided by 5.
2
Calculate the remainder when 9627 is divided by 166.
165
What is the remainder when 600 is divided by 122?
112
Calculate the remainder when 193 is divided by 20.
13
Calculate the remainder when 132 is divided by 122.
10
What is the remainder when 669 is divided by 61?
59
Calculate the remainder when 4467 is divided by 63.
57
Calculate the remainder when 105 is divided by 29.
18
What is the remainder when 117 is divided by 37?
6
Calculate the remainder when 69 is divided by 9.
6
What is the remainder when 54 is divided by 16?
6
What is the remainder when 1205 is divided by 38?
27
What is the remainder when 1148 is divided by 35?
28
Calculate the remainder when 131 is divided by 75.
56
Calculate the remainder when 900 is divided by 17.
16
Calculate the remainder when 213 is divided by 55.
48
Calculate the remainder when 950 is divided by 159.
155
What is the remainder when 75 is divided by 43?
32
What is the remainder when 10077 is divided by 45?
42
Calculate the remainder when 106 is divided by 28.
22
What is the remainder when 686 is divided by 43?
41
Calculate the remainder when 167 is divided by 40.
7
Calculate the remainder when 829 is divided by 26.
23
Calculate the remainder when 275 is divided by 71.
62
Calculate the remainder when 1721 is divided by 41.
40
Calculate the remainder when 447 is divided by 171.
105
Calculate the remainder when 1477 is divided by 81.
19
What is the remainder when 66 is divided by 25?
16
What is the remainder when 281 is divided by 65?
21
What is the remainder when 668 is divided by 21?
17
What is the remainder when 95 is divided by 32?
31
Calculate the remainder when 207 is divided by 15.
12
What is the remainder when 100 is divided by 42?
16
What is the remainder when 1591 is divided by 793?
5
What is the remainder when 478 is divided by 79?
4
What is the remainder when 1775 is divided by 17?
7
Calculate the remainder when 214 is divided by 36.
34
What is the remainder when 2603 is divided by 84?
83
Calculate the remainder when 17069 is divided by 22.
19
Calculate the remainder when 1461 is divided by 4.
1
What is the remainder when 2781 is divided by 46?
21
Calculate the remainder when 285 is divided by 90.
15
What is the remainder when 115 is divided by 13?
11
What is the remainder when 278 is divided by 23?
2
Calculate the remainder when 358 is divided by 36.
34
What is the remainder when 253 is divided by 85?
83
Calculate the remainder when 560 is divided by 82.
68
What is the remainder when 8054 is divided by 5?
4
Calculate the remainder when 257 is divided by 13.
10
What is the remainder when 6725 is divided by 32?
5
Calculate the remainder when 254 is divided by 127.
0
Calculate the remainder when 759 is divided by 200.
159
Calculate the remainder when 1779 is divided by 372.
291
Calculate the remainder when 63 is divided by 33.
30
What is the remainder when 2596 is divided by 137?
130
What is the remainder when 917 is divided by 129?
14
Calculate the remainder when 1886 is divided by 21.
17
What is the remainder when 2516 is divided by 120?
116
What is the remainder when 2106 is divided by 298?
20
Calculate the remainder when 650 is divided by 136.
106
Calculate the remainder when 1579 is divided by 114.
97
What is the remainder when 1109 is divided by 1105?
4
Calculate the remainder when 128 is divided by 46.
36
Calculate the remainder when 79 is divided by 42.
37
What is the remainder when 10531 is divided by 390?
1
Calculate the remainder when 4301 is divided by 106.
61
Calculate the remainder when 33753 is divided by 388.
385
What is the remainder when 912 is divided by 36?
12
Calculate the remainder when 966 is divided by 44.
42
Calculate the remainder when 510 is divided by 32.
30
What is the remainder when 1145 is divided by 82?
79
Calculate the remainder when 1026 is divided by 49.
46
Calculate the remainder when 1237 is divided by 31.
28
Calculate the remainder when 37 is divided by 13.
11
What is the remainder when 356 is divided by 108?
32
Calculate the remainder when 192 is divided by 40.
32
Calculate the remainder when 697 is divided by 7.
4
What is the remainder when 962 is divided by 66?
38
What is the remainder when 3913 is divided by 27?
25
What is the remainder when 389 is divided by 19?
9
Calculate the remainder when 664 is divided by 110.
4
Calculate the remainder when 180 is divided by 66.
48
Calculate the remainder when 500 is divided by 126.
122
Calculate the remainder when 647 is divided by 54.
53
Calculate the remainder when 229 is divided by 76.
1
What is the remainder when 77 is divided by 16?
13
What is the remainder when 40 is divided by 26?
14
Calculate the remainder when 126 is divided by 26.
22
Calculate the remainder when 62 is divided by 27.
8
Calculate the remainder when 2694 is divided by 55.
54
Calculate the remainder when 112 is divided by 38.
36
What is the remainder when 893 is divided by 441?
11
Calculate the remainder when 196 is divided by 25.
21
Calculate the remainder when 572 is divided by 144.
140
What is the remainder when 68869 is divided by 10?
9
What is the remainder when 2232 is divided by 29?
28
Calculate the remainder when 1461 is divided by 86.
85
What is the remainder when 66 is divided by 5?
1
Calculate the remainder when 37 is divided by 18.
1
What is the remainder when 194 is divided by 69?
56
Calculate the remainder when 206 is divided by 19.
16
Calculate the remainder when 741 is divided by 196.
153
What is the remainder when 1362 is divided by 105?
102
Calculate the remainder when 172 is divided by 11.
7
What is the remainder when 207 is divided by 162?
45
What is the remainder when 2648 is divided by 177?
170
What is the remainder when 323 is divided by 85?
68
Calculate the remainder when 747 is divided by 17.
16
Calculate the remainder when 151 is divided by 7.
4
Calculate the remainder when 61 is divided by 13.
9
What is the remainder when 843 is divided by 65?
63
Calculate the remainder when 451 is divided by 5.
1
What is the remainder when 804 is divided by 199?
8
What is the remainder when 581 is divided by 64?
5
Calculate the remainder when 96 is divided by 95.
1
Calculate the remainder when 163 is divided by 77.
9
Calculate the remainder when 468 is divided by 113.
16
Calculate the remainder when 653 is divided by 14.
9
What is the remainder when 41 is divided by 6?
5
What is the remainder when 136 is divided by 7?